re the prime factors of d(2)?
2, 3, 7, 11
Let h = -662 - -849. List the prime factors of h.
11, 17
What are the prime factors of (-103)/(-515) + (-4178)/(-10) + -2?
2, 13
Suppose 5*a = 16066 - 3081. What are the prime factors of a?
7, 53
List the prime factors of 1/4 - ((-2950)/8)/5.
2, 37
Suppose -49 = -2*y - 5*y. Suppose -d + 146 = 4*n, -y*n = -4*d - 2*n + 500. What are the prime factors of d?
2, 5, 13
Let w be (-43)/(-9) + 28/126. Suppose -y + 3*j + 24 = 3*y, -w*y - j = -11. Suppose -3*r = 12, -4*i + 2*i + 20 = -y*r. List the prime factors of i.
2
Let d = 121 - 173. Let m be d/65*410/(-4). List the prime factors of (m/(-6))/((-6)/18).
41
Let w = 47 - 59. List the prime factors of 2/4 - (2118/w - -4).
173
Suppose g - 3 - 181 = 0. What are the prime factors of g?
2, 23
List the prime factors of 31/(-31) - 3/1 - -1274.
2, 5, 127
Suppose -9*x = -11 - 7. What are the prime factors of x*((-20)/8*-7 - 0)?
5, 7
Suppose 5*z = 2*r - 26 - 7, -5*z - 5 = 5*r. Suppose -n + 3*o + 1 + 4 = 0, 4*o = -r. List the prime factors of n.
2
Let q(g) = -3*g - 1. Let s be q(-5). Let z(w) = w - 10. Let m be z(s). Suppose -m*t + 120 = 3*p - t, 86 = 2*p - t. What are the prime factors of p?
2, 3, 7
Let r = -3851 + 5834. List the prime factors of r.
3, 661
Let w = -440 + 440. Suppose -15 = -5*b + 5. Suppose w = -s - b*s + 140. List the prime factors of s.
2, 7
Let w be (-162 + 1 + -3)*15/12. Let q = -52 - w. List the prime factors of q.
3, 17
Let g(a) = 10*a**2 - 3*a - 36. List the prime factors of g(-14).
2, 983
Let i(x) = -x**3 + 7*x**2 + 11*x + 2. Let d be i(9). Let h(k) = 4*k + 21. Let c be h(16). Let j = d + c. What are the prime factors of j?
2, 3
Let c = 210 + 49. What are the prime factors of c?
7, 37
Let n be (-4)/18*(3 + -12). Let z be n/(-3) + 22/6. Suppose p + 6*c - c - 8 = 0, 0 = -p + z*c. List the prime factors of p.
3
Let o(l) = -14*l - 30. Let s(f) = -7*f - 15. Let w(p) = -6*o(p) + 11*s(p). What are the prime factors of w(4)?
43
Let v(a) = -a**3 - 30*a**2 - 49*a - 66. What are the prime factors of v(-29)?
2, 257
Let d(v) = -v + 13. Let q be d(9). Suppose 2*j + q*f - 26 = 0, -2*f - 4 + 24 = 2*j. What are the prime factors of j?
7
Let d(a) = -39*a - 1. Let i(w) = -40*w - 2. Let j(m) = 7*d(m) - 6*i(m). What are the prime factors of j(-2)?
71
Suppose 0 = 2*r - 5*v, 3*v = -0*v. Suppose 3*k - 96 = s, -k - 76 = s - r*s. Let i = s - -137. List the prime factors of i.
2, 7
List the prime factors of 85/(-2)*33/((-165)/224).
2, 7, 17
Suppose 3*m = 15, 0 = -2*g - 3*m + 707 - 4. What are the prime factors of g?
2, 43
Let w(o) = 4*o**2 + 11*o - 3. Let u be w(-3). Suppose -5*l + 4*x + 50 = u, 2*l - 5*x = -4*x + 17. What are the prime factors of l?
2, 3
Suppose -5*x + 33 = f, -18 = -4*x + 4*f - 2*f. List the prime factors of x.
2, 3
List the prime factors of -22*(9/(36/(-128)) - 3).
2, 5, 7, 11
Let r(a) = 7*a**2 - 16*a - 76. List the prime factors of r(-8).
2, 5
Let f(r) = 103*r**2 + r + 1. Let h be f(2). Suppose 0 = -o + 6*o - h. What are the prime factors of o?
83
Let y(m) = 2*m - 1. Let d be y(-15). Let n = d + 26. Let i = n - -22. What are the prime factors of i?
17
Let b = -242 + 763. List the prime factors of b.
521
Suppose 2*q + 2 = q, a - 12 = 4*q. Suppose -3*l - a*c = -121, 10 = c - 3*c. What are the prime factors of l?
47
What are the prime factors of 1359*(-18)/(-243)*3?
2, 151
Suppose 18*k + 6 = 19*k. What are the prime factors of (-4)/k + 340/15?
2, 11
Let i be 479 - (-3)/(15/(-20)). Let o = -332 + i. List the prime factors of o.
11, 13
Suppose 3*h = q + 280, 6*h - 4*h = -2. Let c = q + 420. What are the prime factors of c?
137
Suppose 15*n = 14*n + 10. Suppose g = 5*k + 3, 3*k - n = k. List the prime factors of g.
2, 7
Suppose 40 - 43 = 3*x. What are the prime factors of 80 - (3 - (2 - x))?
2, 5
Let y = -148 + 268. Suppose y = -3*f + 423. List the prime factors of f.
101
Let i(t) = t**3 + 8*t**2 - 12*t - 9. Let c be i(-8). Suppose -4*x = -x + 5*o - c, 114 = 5*x - 2*o. Suppose x = j + 2*j. What are the prime factors of j?
2
List the prime factors of 2/((-11)/((-25971)/6)).
787
Suppose 9*r - 6594 = 3*r. What are the prime factors of r?
7, 157
Let d(k) = -1 + k + 1075*k**2 + 0 - 1070*k**2 - k**3. Suppose -6*o + 3*o - 5*s + 35 = 0, -2*s - 2 = -2*o. List the prime factors of d(o).
2
Let a(o) = -o - 1. Let h be a(-3). Suppose k - h*k = f - 48, f + 3*k = 38. What are the prime factors of f?
53
Let l(t) = t**2 + 3*t + 17. Let n be l(6). Suppose 5*g = n + 244. List the prime factors of g.
3, 7
Suppose 0 = 5*h - 4*k - 35, 4*h - 3*k = 4 + 23. Let m(n) = 9*n - 6. What are the prime factors of m(h)?
3, 7
Let g(t) = 11*t - 41. List the prime factors of g(21).
2, 5, 19
Suppose -12 = -t - 2. Suppose t = -18*i + 23*i. List the prime factors of (8/6)/(i/21).
2, 7
Let u = -13 + 18. Let h(b) = 2*b**2 + 29*b + 77. Let n be h(-12). Let d = u + n. What are the prime factors of d?
2, 11
Suppose -8 = 4*l - 0. Suppose -2*z - 2*z + 44 = 0. Let r = z - l. List the prime factors of r.
13
Suppose n + n - 8 = 0. Suppose -6*b + n = -320. What are the prime factors of b?
2, 3
Suppose -3*y - 45 = -8*y. Suppose 3*v - b = -4*b - 6, 4*v + 5*b + 12 = 0. Suppose v*n + 2*l - 11 = y, 0 = 2*l. What are the prime factors of n?
2, 5
Let s(r) = -r**2 - 6*r - 5. Let l be s(-4). Suppose l*y + f = 533, 3*y - 3*f = y + 348. List the prime factors of y.
3, 59
Let c(h) = 6*h - h + 2*h + 31 - 8*h - 5. Let v be (-2)/8*-2*-26. What are the prime factors of c(v)?
3, 13
What are the prime factors of -2326*(72/(-6))/12?
2, 1163
Suppose -5*s - 2*q + 302 = -s, -4*q = 4. Suppose 0 = 4*x - 4*i - s, x - 3*x + 43 = 3*i. What are the prime factors of x - (19 + -3)/(-4)?
2, 3
Let o = 29 + -22. Suppose 2*n - o*n + 4*j = 0, -3*n + 4*j = 0. Suppose -6*k + 4*k + 38 = n. List the prime factors of k.
19
Suppose 3*h + h - 44 = 0. Let r(g) = -12*g + 8 - h + 5. List the prime factors of r(-5).
2, 31
Let n be (18/(-4))/((-6)/84). Let j = -32 + n. What are the prime factors of j?
31
Let c(r) = -r**3 - r**2 - 8. Suppose 4*h - 5*h = 0. Let n be c(h). List the prime factors of 576/26 + n/52.
2, 11
What are the prime factors of -3 + (10/55 - (-11320)/55)?
7, 29
Let q = 4 - 7. Let k be (-14)/(-4)*(q + 5). Let c = k - -1. List the prime factors of c.
2
Let j(m) = -6*m**3 - 2*m**2 + 2*m + 4. Suppose 0 = -6*b + 2*b - 8. List the prime factors of j(b).
2, 5
What are the prime factors of 1 + 4/(-5) - 40216/(-220)?
3, 61
Let h(c) be the third derivative of c**5/12 - c**4/12 + 17*c**3/6 + 26*c**2. List the prime factors of h(-5).
2, 19
Let c(j) = -8*j**3 - 18*j**2 - 172*j + 5. What are the prime factors of c(-7)?
37, 83
Let j(r) = -4*r. Let i be j(-1). Suppose -4*x - 64 = 4*a, i*x + 0*a + 5*a = -63. Let q = x - -31. What are the prime factors of q?
2, 7
Suppose 3*k - 5*a = 219 + 402, a = -2*k + 414. Let m be (-46)/k - (-4)/18. Suppose -33 = -5*i - 4*q, 4*q - 6 = -2*i - m*q. What are the prime factors of i?
3
Let p(z) = z**3 - 4*z**2 - 4*z - 3. Let w be p(5). What are the prime factors of (1197/(-38))/(w/(-4))?
3, 7
Let q = -26 + 31. Suppose j - q*j = -16. Suppose 0*s - j*s = -3*d - 16, -3*d = 2*s - 26. What are the prime factors of s?
7
Let s(c) = -2*c**2 + 6*c + 1. Let w(k) = 3*k**2 - 12*k - 1. Let b(a) = -5*s(a) - 3*w(a). Let g be b(-5). Let q = g + 12. List the prime factors of q.
5
Let l be (0 - 35/15)*-3. Suppose 11 = l*s - 101. What are the prime factors of s?
2
What are the prime factors of 20*5/2*27/6?
3, 5
List the prime factors of 67/(-67) + 1084 + 0.
3, 19
Let a = 25 + -23. List the prime factors of 60 + (7 - 8/a).
3, 7
Let r(q) = 118*q**3 + 4*q**2 - 5*q + 13. What are the prime factors of r(2)?
3, 107
Let f(r) = 116*r**3 - 2*r**2 - 37*r + 73. List the prime factors of f(2).
919
Let x = -109 + 254. Suppose 0 = 5*y - 0*y - 30. Suppose y*d - x = d. What are the prime factors of d?
29
Let j = -74 - -47. List the prime factors of (-209)/18*-2 + 6/j.
23
List the prime factors of 1/(-2) + 97790/140.
2, 349
Let p(d) = -d - 9. Let k be p(-7). Suppose 1080 + 220 = 4*q. List the prime factors of q/20 - k/(-8).
2
Let r = 356 + -546. Let n = r + 299. List the prime factors of n.
109
What are the prime factors of ((-1318)/10)/(127/(-635))?
659
Suppose -2*j - 4*b = 3*j - 83, 3*b = -4*j + 66. List the prime factors of j.
3, 5
Let t(n) = n**2 